{"id":44,"date":"2020-04-07T21:08:53","date_gmt":"2020-04-07T19:08:53","guid":{"rendered":"http:\/\/filariane.com\/?page_id=44"},"modified":"2025-10-13T09:43:18","modified_gmt":"2025-10-13T07:43:18","slug":"cours-hebdomadaires","status":"publish","type":"page","link":"https:\/\/filariane.com\/?page_id=44","title":{"rendered":"Nos cours hebdomadaires"},"content":{"rendered":"\n<h2 class=\"wp-block-heading\"><mark style=\"background-color:rgba(0, 0, 0, 0)\" class=\"has-inline-color has-luminous-vivid-amber-color\">QUAND?<\/mark> <mark style=\"background-color:rgba(0, 0, 0, 0)\" class=\"has-inline-color has-luminous-vivid-amber-color\">OU?<\/mark><\/h2>\n\n\n\n<p style=\"font-size:15px\">Nos cours hebdomadaires se d\u00e9roulent, hors vacances scolaires, les mercredis et samedis au Gymnase de la Seigneurie \u00e0 Saint-Cannat et \u00e0 la MJC de Lambesc.<\/p>\n\n\n<div class=\"wp-block-image is-style-rounded\">\n<figure class=\"alignleft size-large is-resized\"><img loading=\"lazy\" decoding=\"async\" width=\"334\" height=\"683\" src=\"http:\/\/filariane.com\/wp-content\/uploads\/2020\/04\/trapeze-disciplines.jpg\" alt=\"Nos cours hebdomadaires\" class=\"wp-image-85\" style=\"width:153px;height:311px\" srcset=\"https:\/\/filariane.com\/wp-content\/uploads\/2020\/04\/trapeze-disciplines.jpg 334w, https:\/\/filariane.com\/wp-content\/uploads\/2020\/04\/trapeze-disciplines-147x300.jpg 147w\" sizes=\"auto, (max-width: 334px) 100vw, 334px\" \/><figcaption class=\"wp-element-caption\">Trap\u00e8ze d&rsquo;\u00e9t\u00e9<\/figcaption><\/figure>\n<\/div>\n\n<div class=\"wp-block-image is-style-rounded\">\n<figure class=\"alignleft size-large is-resized\"><img loading=\"lazy\" decoding=\"async\" width=\"644\" height=\"1024\" src=\"http:\/\/filariane.com\/wp-content\/uploads\/2020\/04\/8-644x1024.jpg\" alt=\"Nos cours hebdomadaires: acrobate au tissu a\u00e9rien\" class=\"wp-image-152\" style=\"width:182px;height:288px\" srcset=\"https:\/\/filariane.com\/wp-content\/uploads\/2020\/04\/8-644x1024.jpg 644w, https:\/\/filariane.com\/wp-content\/uploads\/2020\/04\/8-189x300.jpg 189w, https:\/\/filariane.com\/wp-content\/uploads\/2020\/04\/8.jpg 700w\" sizes=\"auto, (max-width: 644px) 100vw, 644px\" \/><figcaption class=\"wp-element-caption\">Spectacle de fin d&rsquo;ann\u00e9e<\/figcaption><\/figure>\n<\/div>\n\n<div class=\"wp-block-image is-style-rounded\">\n<figure class=\"alignleft size-large is-resized\"><img loading=\"lazy\" decoding=\"async\" width=\"687\" height=\"1024\" src=\"http:\/\/filariane.com\/wp-content\/uploads\/2020\/04\/17-687x1024.jpg\" alt=\"Nos cours hebdomadaires: spectacle de fin d'ann\u00e9e\" class=\"wp-image-161\" style=\"width:191px;height:284px\" srcset=\"https:\/\/filariane.com\/wp-content\/uploads\/2020\/04\/17-687x1024.jpg 687w, https:\/\/filariane.com\/wp-content\/uploads\/2020\/04\/17-201x300.jpg 201w, https:\/\/filariane.com\/wp-content\/uploads\/2020\/04\/17.jpg 700w\" sizes=\"auto, (max-width: 687px) 100vw, 687px\" \/><figcaption class=\"wp-element-caption\">Colonne \u00e0 deux<\/figcaption><\/figure>\n<\/div>\n\n\n<h2 class=\"wp-block-heading\"><mark style=\"background-color:rgba(0, 0, 0, 0)\" class=\"has-inline-color has-luminous-vivid-amber-color\">COMMENT ?<\/mark><\/h2>\n\n\n\n<p style=\"font-size:15px\">L&rsquo; objectif de l&rsquo;association LE FIL D&rsquo;ARIANE est d&rsquo;utiliser les Arts du Cirque et du spectacle comme outils de d\u00e9veloppement cr\u00e9atif et \u00e9ducatif. Plus d&rsquo;informations sur notre projet <strong><mark style=\"background-color:rgba(0, 0, 0, 0)\" class=\"has-inline-color has-luminous-vivid-amber-color\"><a href=\"http:\/\/filariane.com\/?page_id=38\" target=\"_blank\" rel=\"noreferrer noopener\">&#8211; ICI &#8211;<\/a><\/mark><\/strong><\/p>\n\n\n\n<p style=\"font-size:15px\">T\u00e9l\u00e9charger le flyer de nos activit\u00e9s<a href=\"https:\/\/filariane.com\/wp-content\/uploads\/2025\/08\/flyer-filariane-25-26.pdf\" target=\"_blank\" rel=\"noreferrer noopener\"> -ICI &#8211;<\/a><\/p>\n\n\n\n<p style=\"font-size:15px\">D&rsquo;autres r\u00e9ponses \u00e0 vos questions sur la page de la foire aux questions <a href=\"https:\/\/filariane.com\/?page_id=25091\" target=\"_blank\" rel=\"noreferrer noopener\"><strong>F.A.Q.<\/strong><\/a><\/p>\n\n\n\n<h2 class=\"wp-block-heading\"><mark style=\"background-color:rgba(0, 0, 0, 0)\" class=\"has-inline-color has-luminous-vivid-amber-color\">LES HORAIRES ?<\/mark><\/h2>\n\n\n\n<ul class=\"wp-block-list\">\n<li><strong><mark style=\"background-color:rgba(0, 0, 0, 0)\" class=\"has-inline-color has-luminous-vivid-amber-color\">Les mercredis<\/mark><\/strong><br>1) Saint &#8211; Cannat \/ Gymnase de la Seigneurie <br>9h30 \u00e0 10h30 : Baby Cirque \u00ab\u00a0Parent-enfant\u00a0\u00bb : d\u00e8s 2 ans <br>10h30 \u00e0 11h30 : \u00ab\u00a0Les Petits\u00a0\u00bb : 4 \u00e0 5 ans<strong><mark style=\"background-color:rgba(0, 0, 0, 0)\" class=\"has-inline-color has-vivid-red-color\"> <\/mark><\/strong><br>11h30 \u00e0 12h30 : \u00ab\u00a0Les Moyens\u00a0\u00bb : 6 \u00e0 7 ans <br>13h00 \u00e0 14h30 : \u00ab\u00a0Les presque &#8211; grands\u00a0\u00bb : 8 \u00e0 9 ans <br>14h00 \u00e0 15h30 : \u00ab\u00a0Les Grands\u00a0\u00bb : 10 \u00e0 12 ans <br>Entrainements libre adultes : Les mercredis de 11h00 \u00e0 15h00: Merci de <strong><a href=\"https:\/\/filariane.com\/?page_id=56\" target=\"_blank\" rel=\"noreferrer noopener\">nous contacter<\/a><\/strong><\/li>\n<\/ul>\n\n\n\n<p>2) Lambesc \/ MJC<br>16h15 \u00e0 18h15: d\u00e9couverte et initiation Jonglerie: De 10 \u00e0 17 ans<\/p>\n\n\n\n<ul class=\"wp-block-list\">\n<li><strong><mark style=\"background-color:rgba(0, 0, 0, 0)\" class=\"has-inline-color has-luminous-vivid-amber-color\">Les samedis<\/mark><\/strong><br>Saint &#8211; Cannat \/ Gymnase de la Seigneurie<br>9h30 \u00e0 11h00: \u00ab\u00a0Les Ados\u00a0\u00bb: de 13 \u00e0 16 ans<br>11h00 \u00e0 12h30: \u00ab\u00a0Les Adultes\u00a0\u00bb: \u00e0 partir de 17 ans et adultes<\/li>\n<\/ul>\n\n\n\n<p class=\"has-text-align-center\"><strong>D\u00e9but des cours<\/strong><br>\u00e0 partir du mercredi 24 septembre 2025<\/p>\n\n\n\n<p class=\"has-text-align-center\"><strong>Fin des cours <\/strong><br>le dimanche 28 juin 2025 <br>soit 31 semaines<\/p>\n\n\n\n<p class=\"has-text-align-center\" style=\"font-size:15px\"><strong>R\u00e9union de rentr\u00e9e<\/strong><br>mercredi <mark style=\"background-color:rgba(0, 0, 0, 0)\" class=\"has-inline-color has-black-color\">17 septembre 2025<\/mark> &#8211; Saint Cannat &#8211; 14H00 &#8211; Gymnase de la Seigneurie<\/p>\n\n\n\n<p class=\"has-text-align-center\"><strong>Assembl\u00e9e G\u00e9n\u00e9rale<\/strong><br>Visioconf\u00e9rence &#8211; vendredi 7 novembre 2025 \u00e0 20h30 &#8211;<\/p>\n\n\n\n<h2 class=\"wp-block-heading\"><mark style=\"background-color:rgba(0, 0, 0, 0)\" class=\"has-inline-color has-luminous-vivid-amber-color\">COMBIEN ?<\/mark><\/h2>\n\n\n\n<p style=\"font-size:15px\">Adh\u00e9sion \u00e0 l&rsquo;association : 30\u20ac \/ an \/ enfant ou entrainement libre adulte (valable pour les cours, stages, activit\u00e9s diverses) \/ 50\u20ac \/ an si fratrie &#8211; <a href=\"https:\/\/filariane.com\/?page_id=56\" target=\"_blank\" rel=\"noreferrer noopener\">p<strong>lus d&rsquo;infos sur demande.<\/strong><\/a><\/p>\n\n\n\n<p style=\"font-size:15px\"><strong>Tarif des cotisations annuelles :<\/strong><br>Parent-enfant (d\u00e8s 2 ans) : 270\u20ac<br>Les Petits &amp; les Moyens : 290\u20ac<br>Les presque Grands\u00a0\u00bb, \u00ab\u00a0Les Grands\u00a0\u00bb, \u00ab\u00a0Les Ados\u00a0\u00bb et \u00ab\u00a0les Adultes\u00a0\u00bb : 305\u20ac<br><\/p>\n\n\n\n<p>Jonglerie Lambesc: inscriptions aupr\u00e8s de la MJC<\/p>\n\n\n\n<p>Pour payer en ligne (paiement s\u00e9curis\u00e9 SSL par Yapla), cliquez &#8211; <a href=\"https:\/\/fil-dariane.s2.yapla.com\/fr\/inscriptions-2023-2024-8667\" target=\"_blank\" rel=\"noreferrer noopener\">ICI<\/a> &#8211;<\/p>\n\n\n\n<h2 class=\"wp-block-heading\"><mark style=\"background-color:rgba(0, 0, 0, 0)\" class=\"has-inline-color has-luminous-vivid-amber-color\">Pr\u00e9 &#8211; inscription en 1 clic<\/mark><br><mark style=\"background-color:rgba(0, 0, 0, 0)\" class=\"has-inline-color has-vivid-green-cyan-color\"><strong>Disponible pour la rentr\u00e9e de septembre 202<\/strong><\/mark><strong><mark style=\"background-color:rgba(0, 0, 0, 0)\" class=\"has-inline-color has-vivid-green-cyan-color\">5<\/mark><\/strong><\/h2>\n\n\n\n<p style=\"font-size:15px\">Merci de remplir le formulaire en ligne en cliquant<strong><span style=\"background-color:rgba(0, 0, 0, 0)\" class=\"has-inline-color has-luminous-vivid-amber-color\"> &#8211;<a href=\"https:\/\/forms.gle\/ehKhfeRsMauT29Z8A\" target=\"_blank\" rel=\"noreferrer noopener\"> ICI<\/a> &#8211;<\/span><\/strong><\/p>\n\n\n\n<h2 class=\"wp-block-heading\"><mark style=\"background-color:rgba(0, 0, 0, 0)\" class=\"has-inline-color has-luminous-vivid-amber-color\">Inscription d\u00e9finitive<\/mark><\/h2>\n\n\n\n<p style=\"font-size:15px\">T\u00e9l\u00e9charger la fiche d&rsquo;inscription : <strong><a href=\"https:\/\/filariane.com\/wp-content\/uploads\/2025\/08\/fiche-inscription-cours-hebdo-le-fil-dariane-25-26-2.pdf\" target=\"_blank\" rel=\"noreferrer noopener\">\u2013 ICI \u2013<\/a><\/strong><br>T\u00e9l\u00e9charger notre r\u00e8glement int\u00e9rieur: <a href=\"https:\/\/filariane.com\/wp-content\/uploads\/2024\/06\/reglement-interieur24-25.pdf\" target=\"_blank\" rel=\"noreferrer noopener\">&#8211; <strong>ICI<\/strong> &#8211;<\/a><\/p>\n\n\n<div class=\"wp-block-image is-style-rounded\">\n<figure class=\"alignleft size-large is-resized\"><img loading=\"lazy\" decoding=\"async\" width=\"283\" height=\"425\" src=\"http:\/\/filariane.com\/wp-content\/uploads\/2020\/04\/25.jpg\" alt=\"Nos cours hebdomadaires: Le cirque, des valeurs d'entraide\" class=\"wp-image-668\" style=\"width:193px;height:292px\" srcset=\"https:\/\/filariane.com\/wp-content\/uploads\/2020\/04\/25.jpg 283w, https:\/\/filariane.com\/wp-content\/uploads\/2020\/04\/25-200x300.jpg 200w\" sizes=\"auto, (max-width: 283px) 100vw, 283px\" \/><figcaption class=\"wp-element-caption\">Acrobatie et collaboration<\/figcaption><\/figure>\n<\/div>\n\n<div class=\"wp-block-image is-style-rounded\">\n<figure class=\"alignleft size-large is-resized\"><img loading=\"lazy\" decoding=\"async\" width=\"283\" height=\"425\" src=\"http:\/\/filariane.com\/wp-content\/uploads\/2020\/04\/27.jpg\" alt=\"Nos cours hebdomadaires: cours parent - enfant\" class=\"wp-image-670\" style=\"width:194px;height:292px\" srcset=\"https:\/\/filariane.com\/wp-content\/uploads\/2020\/04\/27.jpg 283w, https:\/\/filariane.com\/wp-content\/uploads\/2020\/04\/27-200x300.jpg 200w\" sizes=\"auto, (max-width: 283px) 100vw, 283px\" \/><figcaption class=\"wp-element-caption\">Cours parent-enfant<\/figcaption><\/figure>\n<\/div>\n\n<div class=\"wp-block-image is-style-rounded\">\n<figure class=\"aligncenter size-large is-resized\"><img loading=\"lazy\" decoding=\"async\" width=\"283\" height=\"425\" src=\"http:\/\/filariane.com\/wp-content\/uploads\/2020\/04\/24.jpg\" alt=\"Nos cours hebdomadaires: cerceau a\u00e9rien\" class=\"wp-image-667\" style=\"width:192px;height:289px\" srcset=\"https:\/\/filariane.com\/wp-content\/uploads\/2020\/04\/24.jpg 283w, https:\/\/filariane.com\/wp-content\/uploads\/2020\/04\/24-200x300.jpg 200w\" sizes=\"auto, (max-width: 283px) 100vw, 283px\" \/><figcaption class=\"wp-element-caption\">Cours ados<\/figcaption><\/figure>\n<\/div>\n\n\n<p><\/p>\n","protected":false},"excerpt":{"rendered":"<p>QUAND? OU? Nos cours hebdomadaires se d\u00e9roulent, hors vacances scolaires, les mercredis et samedis au Gymnase de la Seigneurie \u00e0 Saint-Cannat et \u00e0 la MJC de Lambesc. COMMENT ? L&rsquo; objectif de l&rsquo;association LE FIL D&rsquo;ARIANE est d&rsquo;utiliser les Arts du Cirque et du spectacle comme outils de d\u00e9veloppement cr\u00e9atif et \u00e9ducatif. Plus d&rsquo;informations sur &hellip; <\/p>\n<p class=\"link-more\"><a href=\"https:\/\/filariane.com\/?page_id=44\" class=\"more-link\">Continuer la lecture<span class=\"screen-reader-text\"> de &laquo;&nbsp;Nos cours hebdomadaires&nbsp;&raquo;<\/span><\/a><\/p>\n","protected":false},"author":2,"featured_media":0,"parent":0,"menu_order":0,"comment_status":"closed","ping_status":"closed","template":"","meta":{"footnotes":""},"class_list":["post-44","page","type-page","status-publish","hentry"],"yoast_head":"<!-- This site is optimized with the Yoast SEO plugin v26.8 - https:\/\/yoast.com\/product\/yoast-seo-wordpress\/ -->\n<title>Nos cours hebdomadaires Le Fil d&#039;Ariane - planning, tarifs, lieux<\/title>\n<meta name=\"description\" content=\"Le Fil d&#039;Ariane - cours hebdomadaires baby cirque, enfants et ados, IEF. Planning, tarifs et fiche d&#039;inscription. Cours \u00e0 St Cannat\" \/>\n<meta name=\"robots\" content=\"index, follow, max-snippet:-1, max-image-preview:large, max-video-preview:-1\" \/>\n<link rel=\"canonical\" href=\"https:\/\/filariane.com\/?page_id=44\" \/>\n<meta property=\"og:locale\" content=\"fr_FR\" \/>\n<meta property=\"og:type\" content=\"article\" \/>\n<meta property=\"og:title\" content=\"Nos cours hebdomadaires Le Fil d&#039;Ariane - planning, tarifs, lieux\" \/>\n<meta property=\"og:description\" content=\"Le Fil d&#039;Ariane - cours hebdomadaires baby cirque, enfants et ados, IEF. Planning, tarifs et fiche d&#039;inscription. Cours \u00e0 St Cannat\" \/>\n<meta property=\"og:url\" content=\"https:\/\/filariane.com\/?page_id=44\" \/>\n<meta property=\"og:site_name\" content=\"Le Fil d&#039;Ariane\" \/>\n<meta property=\"article:publisher\" content=\"https:\/\/www.facebook.com\/lefildarianecirque\" \/>\n<meta property=\"article:modified_time\" content=\"2025-10-13T07:43:18+00:00\" \/>\n<meta property=\"og:image\" content=\"https:\/\/filariane.com\/wp-content\/uploads\/2020\/04\/trapeze-disciplines.jpg\" \/>\n\t<meta property=\"og:image:width\" content=\"334\" \/>\n\t<meta property=\"og:image:height\" content=\"683\" \/>\n\t<meta property=\"og:image:type\" content=\"image\/jpeg\" \/>\n<meta name=\"twitter:card\" content=\"summary_large_image\" \/>\n<meta name=\"twitter:label1\" content=\"Dur\u00e9e de lecture estim\u00e9e\" \/>\n\t<meta name=\"twitter:data1\" content=\"4 minutes\" \/>\n<script type=\"application\/ld+json\" class=\"yoast-schema-graph\">{\"@context\":\"https:\/\/schema.org\",\"@graph\":[{\"@type\":\"WebPage\",\"@id\":\"https:\/\/filariane.com\/?page_id=44\",\"url\":\"https:\/\/filariane.com\/?page_id=44\",\"name\":\"Nos cours hebdomadaires Le Fil d&#039;Ariane - planning, tarifs, lieux\",\"isPartOf\":{\"@id\":\"https:\/\/filariane.com\/#website\"},\"primaryImageOfPage\":{\"@id\":\"https:\/\/filariane.com\/?page_id=44#primaryimage\"},\"image\":{\"@id\":\"https:\/\/filariane.com\/?page_id=44#primaryimage\"},\"thumbnailUrl\":\"http:\/\/filariane.com\/wp-content\/uploads\/2020\/04\/trapeze-disciplines.jpg\",\"datePublished\":\"2020-04-07T19:08:53+00:00\",\"dateModified\":\"2025-10-13T07:43:18+00:00\",\"description\":\"Le Fil d&#039;Ariane - cours hebdomadaires baby cirque, enfants et ados, IEF. Planning, tarifs et fiche d'inscription. Cours \u00e0 St Cannat\",\"breadcrumb\":{\"@id\":\"https:\/\/filariane.com\/?page_id=44#breadcrumb\"},\"inLanguage\":\"fr-FR\",\"potentialAction\":[{\"@type\":\"ReadAction\",\"target\":[\"https:\/\/filariane.com\/?page_id=44\"]}]},{\"@type\":\"ImageObject\",\"inLanguage\":\"fr-FR\",\"@id\":\"https:\/\/filariane.com\/?page_id=44#primaryimage\",\"url\":\"https:\/\/filariane.com\/wp-content\/uploads\/2020\/04\/trapeze-disciplines.jpg\",\"contentUrl\":\"https:\/\/filariane.com\/wp-content\/uploads\/2020\/04\/trapeze-disciplines.jpg\",\"width\":334,\"height\":683},{\"@type\":\"BreadcrumbList\",\"@id\":\"https:\/\/filariane.com\/?page_id=44#breadcrumb\",\"itemListElement\":[{\"@type\":\"ListItem\",\"position\":1,\"name\":\"Accueil\",\"item\":\"https:\/\/filariane.com\/\"},{\"@type\":\"ListItem\",\"position\":2,\"name\":\"Les cours hebdomadaires du fil d'Ariane\"}]},{\"@type\":\"WebSite\",\"@id\":\"https:\/\/filariane.com\/#website\",\"url\":\"https:\/\/filariane.com\/\",\"name\":\"Le Fil d&#039;Ariane\",\"description\":\"les Arts du cirque pour grandir ensemble\",\"publisher\":{\"@id\":\"https:\/\/filariane.com\/#organization\"},\"potentialAction\":[{\"@type\":\"SearchAction\",\"target\":{\"@type\":\"EntryPoint\",\"urlTemplate\":\"https:\/\/filariane.com\/?s={search_term_string}\"},\"query-input\":{\"@type\":\"PropertyValueSpecification\",\"valueRequired\":true,\"valueName\":\"search_term_string\"}}],\"inLanguage\":\"fr-FR\"},{\"@type\":\"Organization\",\"@id\":\"https:\/\/filariane.com\/#organization\",\"name\":\"Le Fil d'Ariane\",\"url\":\"https:\/\/filariane.com\/\",\"logo\":{\"@type\":\"ImageObject\",\"inLanguage\":\"fr-FR\",\"@id\":\"https:\/\/filariane.com\/#\/schema\/logo\/image\/\",\"url\":\"https:\/\/filariane.com\/wp-content\/uploads\/2020\/04\/Fichier-1@2x.png\",\"contentUrl\":\"https:\/\/filariane.com\/wp-content\/uploads\/2020\/04\/Fichier-1@2x.png\",\"width\":1103,\"height\":569,\"caption\":\"Le Fil d'Ariane\"},\"image\":{\"@id\":\"https:\/\/filariane.com\/#\/schema\/logo\/image\/\"},\"sameAs\":[\"https:\/\/www.facebook.com\/lefildarianecirque\",\"https:\/\/www.instagram.com\/filariane_cirque\/\"]}]}<\/script>\n<!-- \/ Yoast SEO plugin. -->","yoast_head_json":{"title":"Nos cours hebdomadaires Le Fil d&#039;Ariane - planning, tarifs, lieux","description":"Le Fil d&#039;Ariane - cours hebdomadaires baby cirque, enfants et ados, IEF. Planning, tarifs et fiche d'inscription. Cours \u00e0 St Cannat","robots":{"index":"index","follow":"follow","max-snippet":"max-snippet:-1","max-image-preview":"max-image-preview:large","max-video-preview":"max-video-preview:-1"},"canonical":"https:\/\/filariane.com\/?page_id=44","og_locale":"fr_FR","og_type":"article","og_title":"Nos cours hebdomadaires Le Fil d&#039;Ariane - planning, tarifs, lieux","og_description":"Le Fil d&#039;Ariane - cours hebdomadaires baby cirque, enfants et ados, IEF. Planning, tarifs et fiche d'inscription. Cours \u00e0 St Cannat","og_url":"https:\/\/filariane.com\/?page_id=44","og_site_name":"Le Fil d&#039;Ariane","article_publisher":"https:\/\/www.facebook.com\/lefildarianecirque","article_modified_time":"2025-10-13T07:43:18+00:00","og_image":[{"width":334,"height":683,"url":"https:\/\/filariane.com\/wp-content\/uploads\/2020\/04\/trapeze-disciplines.jpg","type":"image\/jpeg"}],"twitter_card":"summary_large_image","twitter_misc":{"Dur\u00e9e de lecture estim\u00e9e":"4 minutes"},"schema":{"@context":"https:\/\/schema.org","@graph":[{"@type":"WebPage","@id":"https:\/\/filariane.com\/?page_id=44","url":"https:\/\/filariane.com\/?page_id=44","name":"Nos cours hebdomadaires Le Fil d&#039;Ariane - planning, tarifs, lieux","isPartOf":{"@id":"https:\/\/filariane.com\/#website"},"primaryImageOfPage":{"@id":"https:\/\/filariane.com\/?page_id=44#primaryimage"},"image":{"@id":"https:\/\/filariane.com\/?page_id=44#primaryimage"},"thumbnailUrl":"http:\/\/filariane.com\/wp-content\/uploads\/2020\/04\/trapeze-disciplines.jpg","datePublished":"2020-04-07T19:08:53+00:00","dateModified":"2025-10-13T07:43:18+00:00","description":"Le Fil d&#039;Ariane - cours hebdomadaires baby cirque, enfants et ados, IEF. Planning, tarifs et fiche d'inscription. Cours \u00e0 St Cannat","breadcrumb":{"@id":"https:\/\/filariane.com\/?page_id=44#breadcrumb"},"inLanguage":"fr-FR","potentialAction":[{"@type":"ReadAction","target":["https:\/\/filariane.com\/?page_id=44"]}]},{"@type":"ImageObject","inLanguage":"fr-FR","@id":"https:\/\/filariane.com\/?page_id=44#primaryimage","url":"https:\/\/filariane.com\/wp-content\/uploads\/2020\/04\/trapeze-disciplines.jpg","contentUrl":"https:\/\/filariane.com\/wp-content\/uploads\/2020\/04\/trapeze-disciplines.jpg","width":334,"height":683},{"@type":"BreadcrumbList","@id":"https:\/\/filariane.com\/?page_id=44#breadcrumb","itemListElement":[{"@type":"ListItem","position":1,"name":"Accueil","item":"https:\/\/filariane.com\/"},{"@type":"ListItem","position":2,"name":"Les cours hebdomadaires du fil d'Ariane"}]},{"@type":"WebSite","@id":"https:\/\/filariane.com\/#website","url":"https:\/\/filariane.com\/","name":"Le Fil d&#039;Ariane","description":"les Arts du cirque pour grandir ensemble","publisher":{"@id":"https:\/\/filariane.com\/#organization"},"potentialAction":[{"@type":"SearchAction","target":{"@type":"EntryPoint","urlTemplate":"https:\/\/filariane.com\/?s={search_term_string}"},"query-input":{"@type":"PropertyValueSpecification","valueRequired":true,"valueName":"search_term_string"}}],"inLanguage":"fr-FR"},{"@type":"Organization","@id":"https:\/\/filariane.com\/#organization","name":"Le Fil d'Ariane","url":"https:\/\/filariane.com\/","logo":{"@type":"ImageObject","inLanguage":"fr-FR","@id":"https:\/\/filariane.com\/#\/schema\/logo\/image\/","url":"https:\/\/filariane.com\/wp-content\/uploads\/2020\/04\/Fichier-1@2x.png","contentUrl":"https:\/\/filariane.com\/wp-content\/uploads\/2020\/04\/Fichier-1@2x.png","width":1103,"height":569,"caption":"Le Fil d'Ariane"},"image":{"@id":"https:\/\/filariane.com\/#\/schema\/logo\/image\/"},"sameAs":["https:\/\/www.facebook.com\/lefildarianecirque","https:\/\/www.instagram.com\/filariane_cirque\/"]}]}},"_links":{"self":[{"href":"https:\/\/filariane.com\/index.php?rest_route=\/wp\/v2\/pages\/44","targetHints":{"allow":["GET"]}}],"collection":[{"href":"https:\/\/filariane.com\/index.php?rest_route=\/wp\/v2\/pages"}],"about":[{"href":"https:\/\/filariane.com\/index.php?rest_route=\/wp\/v2\/types\/page"}],"author":[{"embeddable":true,"href":"https:\/\/filariane.com\/index.php?rest_route=\/wp\/v2\/users\/2"}],"replies":[{"embeddable":true,"href":"https:\/\/filariane.com\/index.php?rest_route=%2Fwp%2Fv2%2Fcomments&post=44"}],"version-history":[{"count":167,"href":"https:\/\/filariane.com\/index.php?rest_route=\/wp\/v2\/pages\/44\/revisions"}],"predecessor-version":[{"id":26024,"href":"https:\/\/filariane.com\/index.php?rest_route=\/wp\/v2\/pages\/44\/revisions\/26024"}],"wp:attachment":[{"href":"https:\/\/filariane.com\/index.php?rest_route=%2Fwp%2Fv2%2Fmedia&parent=44"}],"curies":[{"name":"wp","href":"https:\/\/api.w.org\/{rel}","templated":true}]}}